is the tens digit of p?
5
What is the units digit of ((-1)/(5/4))/((-1)/(588940/88))?
4
Suppose 4*b = z + 34372, z - 8728 = -3*b + 17044. Suppose -6*s - 6*s + b = 0. What is the units digit of s?
6
Suppose -34*v - 20*v = -38*v - 81968. What is the units digit of v?
3
Suppose -7*l = 199 + 53. Let s = l - -36. Suppose w = 0, -3*a + s*w = -w - 15. What is the units digit of a?
5
Suppose 17964 = 119*h - 117*h + 4*d, 26956 = 3*h - 4*d. What is the tens digit of h?
8
Let g be 5*(-2)/(3 + -5). Suppose -j = 4*o, 2*j + j - g*o = 17. Suppose n + j*d = 64, -4*n + 3*d = -72 - 165. What is the tens digit of n?
6
Suppose -1 = 5*g - 46. Let k(p) be the second derivative of -p**5/20 + 5*p**4/6 - 5*p**3/6 - 5*p**2 - 2*p - 11. What is the units digit of k(g)?
6
What is the units digit of (((-216255)/10)/13)/(24/(-656))?
9
Suppose 4*u - 66 = 2*b, -4*u + 47 = 2*b + 1. What is the tens digit of (u/49 + (-51)/7)*-93?
5
Let y(z) = 2*z**2 + 20*z - 37. Let h be (15/10)/(2*9/(-384)). What is the units digit of y(h)?
1
Suppose -551*u + 501*u + 83250 = 0. What is the hundreds digit of u?
6
What is the tens digit of (-102108)/54*(36 + -54)?
3
Let o(f) = -13*f - 17 - 17*f**3 + 10*f - 9*f**3 + 8*f**2 + 8*f**3. What is the units digit of o(-4)?
5
What is the tens digit of 91*5 - 732/244?
5
Let x(s) = -3*s**3 + 12*s**2 - 8*s + 2. Let d be x(3). What is the tens digit of 4 - (d + -727 - 4)?
3
Suppose 0*a + 77 = -l + a, l - 3*a = -75. Let c = l + 78. Suppose 2*j = 4*d + 92, 3*d - 120 = -2*j - c*j. What is the units digit of j?
4
Let j(q) = -2*q**2 - 55*q + 280. What is the hundreds digit of j(-28)?
2
Suppose 0*s - 3*s - 191 = 2*a, 0 = -2*a - 2*s - 186. Suppose 2*z = -3 - 5. What is the tens digit of -5 - z - a - 1?
8
Let g = -29 - -8545. What is the units digit of g?
6
Suppose 0 = -5*i + 15. Suppose 5*j - i*g = 1397 + 475, 4*g = j - 388. Let p = -256 + j. What is the tens digit of p?
1
Let u be -18*10*(-3)/12. Let t be (-9)/(u/(-520)) + 0. Suppose 2*a = 4*a - t. What is the units digit of a?
2
Suppose 3*f + 2520 = 27*f. What is the units digit of 21/f - (-4598)/10?
0
Suppose -3*c - 3*n + 63341 = -13891, n + 25728 = c. What is the units digit of c?
6
Let n(o) be the first derivative of -o**4/2 - 2*o**3/3 - o**2 - 4*o + 23. Let v be n(-2). Suppose 187 = v*f - 1189. What is the units digit of f?
2
Let x = 24642 + -12452. What is the thousands digit of x?
2
Suppose -v = -3*o - 3, -4*v + 21 = 5*o + 9. Suppose 13*u - 3083 - 5640 = o. What is the hundreds digit of u?
6
Suppose -2*q + 27 = -5*u, 3 + 6 = -q - 5*u. Let t be ((-8)/q)/(-4)*-9. What is the units digit of -117*(t + 4)/(-3)?
9
Suppose 0 = -4*h + 5*h - 3*z - 37, 2*z - 56 = -3*h. Suppose 3*r = -3, 3*r + 139 = o + h. What is the hundreds digit of o?
1
Let q be 17 - (12/3 + -2). Let r be 2/10 + ((-12)/q)/4. What is the units digit of -3 + (99 - 2) - r/1?
4
Let j = -8017 + 17645. What is the units digit of j?
8
Suppose -27 = -2*z + 3. What is the units digit of (-12)/z*17700/(-24)?
0
Suppose 2*v - 1 = 5, 2*w - 184 = -2*v. Suppose 4*o - 107 - w = 0. What is the units digit of o?
9
Let k(s) = 18*s**2 + 14*s - 22. Let n be k(-6). Let h = -195 + n. What is the hundreds digit of h?
3
Let o = 15138 + -2312. What is the hundreds digit of o?
8
Let u be (-3 + -3 - -4)*32. Let a = 86 - u. Suppose 0 = 3*z + 3*z - a. What is the units digit of z?
5
Suppose -2*l + 58 = -26. Suppose 66 = -3*b - l. What is the units digit of -18*(2 + b/8)?
5
Let r = 5106 + -2207. What is the hundreds digit of r?
8
Let w be (6 - 2) + (-3)/1. Let o be w/(-3*3/54). Let j(t) = 2*t**2 - 5*t - 9. What is the tens digit of j(o)?
9
Let q be 1/(1/(-4)) + 15 - 6. Let h(z) = 5*z**3 + 9*z**2 - z + 9. What is the tens digit of h(q)?
5
Let a(l) = 1692*l - 38. Let f(s) = 8463*s - 192. Let r(t) = -21*a(t) + 4*f(t). What is the hundreds digit of r(-1)?
7
Suppose 0 = 8*d - 24*d + 57920. Suppose -2*r = 5*l - 3655, -5*l + 4*r + d = -r. What is the tens digit of l?
2
Suppose -56*g = -2839968 - 192601 - 588671. What is the units digit of g?
5
Suppose 8*t + 22397 = 73805. What is the units digit of t?
6
Suppose 0 = -2*n - 4*q + 2 + 6, 5*q = 5*n - 5. Suppose 6*s - 5 = s, -848 = -5*m + n*s. What is the tens digit of m?
7
Suppose -373*a = -576*a + 3558590. What is the ten thousands digit of a?
1
Let i(m) = -m**3 + 7*m**2 - 5*m - 3. Let a be i(6). Suppose -2*v + 2*t = -10, 15*v - t + 5 = 19*v. What is the tens digit of (358/v + 4)/a?
6
Let u(x) = 3*x**3 - 7*x**2 + 8*x + 13. Let n be u(7). Let z = n + -1326. What is the units digit of -3*(-2)/(-30) - z/5?
4
Suppose -12 = 4*m - 5*q, 20 = m - 5*q + 38. Suppose 2*n = n + 4. Suppose -d = -z - 25, n*d - m*z = -4*z + 130. What is the units digit of d?
0
Suppose 0 = -3*n + 5*d, 6*n - d = 10*n. Suppose n = -38*u + 53*u - 16875. What is the thousands digit of u?
1
Let n(j) = j + 37. Let d = 18 - 6. Let y = d + -25. What is the tens digit of n(y)?
2
Let s = 31 - 25. Suppose 0 = -s*y + 4*y + 2. Let b = y - -31. What is the tens digit of b?
3
Suppose -f = -3*f - n + 7, -n = -3*f + 13. Suppose l + f = 0, s - 2*l + 6*l = 360. What is the hundreds digit of s?
3
Let p = 25364 + -13516. Suppose h - 9*h = -p. What is the hundreds digit of h?
4
Let c(n) = -11*n + 88. Suppose -68 = 4*q - 2*x, -5*q + 0*x = -4*x + 79. What is the tens digit of c(q)?
9
Let o = 34 - 47. Let k = o - -7. What is the units digit of (-542)/k - (-9)/(-27)?
0
Suppose 1601 + 269 = 22*p. What is the hundreds digit of 10/p - (-34500)/85?
4
Let x(r) = r**3 - 20*r**2 - 32*r - 22. Let s be x(23). Let o = -326 + s. What is the hundreds digit of o?
5
Let v(x) = -3*x - x**3 + x - 15*x**2 + 7 - 1 - 10. What is the units digit of v(-16)?
4
Let x be 219*(57/9 - 1). Let n(b) = b**2 - 7*b - 4. Let o be n(8). Suppose -o*s + 2*m + x = 22, 2*s = -4*m + 588. What is the tens digit of s?
8
Let u(l) = -l**3 + 10*l**2 - 22*l + 3. Let b be u(3). Suppose b = -5*z + 3*f + 7059, 0*z - 3*f - 5649 = -4*z. What is the tens digit of z?
1
Let f = 140 - 136. What is the units digit of 344/(-12)*(-28)/f*3?
2
Let h(n) = 4*n**2 + 18*n - 1. Suppose 17 = -j + 3*z, -z = -5*j + 3*z - 52. What is the units digit of h(j)?
1
Suppose 7*r - 78 - 41 = 0. Let x = 19 - r. Suppose -295 = -4*u - i - 4*i, -x*u + 175 = -3*i. What is the units digit of u?
0
Let s = 3762 - -5338. What is the hundreds digit of s?
1
Let b be (1224/60)/(3/10). Suppose -192 = -b*o + 66*o. What is the units digit of o?
6
Let l = -1269 + 13732. What is the ten thousands digit of l?
1
Let v = 17 - 17. Suppose 9*o - 5 - 13 = v. Suppose -2*y = -o*t + 5*t - 281, 376 = 4*t + 3*y. What is the units digit of t?
1
Let v be (1605/(-6))/(-5) + 5/10. Suppose -i + 5*w - 20 = 0, -v*i + w = -50*i - 15. What is the units digit of i?
5
Let b = -3573 - -8131. What is the tens digit of b?
5
Suppose 87*v + 1161 + 492 = 0. Let h(d) be the first derivative of -3*d**2/2 + 16*d + 1. What is the units digit of h(v)?
3
What is the hundreds digit of (-6)/((-84)/(-16205))*(-256)/20?
8
Suppose -82*f + 6960 = -53*f. What is the tens digit of f?
4
Suppose 2*p = 4*x + 4*p - 150, 117 = 3*x + 3*p. Let n = x - 32. Suppose j = -3*q + 224, q - n*j = -4*q + 396. What is the units digit of q?
6
Let d be (0 + (-12)/(-8))*2. Suppose -d*w = 2*w + 20. Let u(m) = m**3 + 5*m**2 - 2*m - 4. What is the units digit of u(w)?
0
Suppose 0*j = j - 31. Let v = j + -33. What is the units digit of 0/5 + (-102 + 2)/v?
0
Let r(p) = p**3 + 13*p**2 - 4*p - 22. Let z be r(7). Suppose -y = -5*j + 4490, 0 = -5*j - 4*y + 3560 + z. What is the tens digit of j?
9
Suppose 40*x - 98056 = 78*x - 46*x. What is the ten thousands digit of x?
1
Suppose 2541573 - 4842918 - 4554791 = -382*k. What is the ten thousands digit of k?
1
Let z(f) = -2846*f + 294. What is the thousands digit of z(-6)?
7
Let i(u) = 6*u**3 - 8 - 6*u - 7*u**3 - u**2 + 13*u + 5*u**2. Let p be i(5). Suppose x = p*o + 129, 2*x = 2*o - o + 264. What is the units digit of x?
3
Suppose -5*h + 53 = 8. Let t be (h/(-6))/(-3) + 2/(-4). Suppose -5*n + 192 + 128 = t. What is the units digit of n?
4
Suppose 51*s + 269505 + 486547 = 95*s. What is the thousands digit of s?
7
Suppose -136*a + 1270150 + 322818 = 0. What is the ten thousands digit of a?
1
Suppose 17*y = 33*y - 24720. What is the thousands digit of y?
1
Suppose 2*s + 2*s - s = 0. Suppose -t = u, -3*t + 2